be i(-6). Suppose -w - 2*w = 4*x - 239, 2*x - j*w - 113 = 0. What is the tens digit of x?
5
What is the tens digit of 209/2*(-1 - 0)*-4?
1
Let i = -444 + 2982. What is the units digit of i?
8
Suppose -5 = v - 10. Suppose 5*b + 3*i - 365 = 7*i, -b = -2*i - 73. Suppose -2*z - 5*x = -121, v*z = 4*z - 5*x + b. What is the units digit of z?
8
Let f(u) = u**2 - 2*u**2 - 7*u + 3*u**2 + 14. Let k(d) = -12*d + 377. Let i be k(31). What is the tens digit of f(i)?
2
Suppose 5*l - 68 = h, -h - 49 = -4*l - 2*h. Suppose 3*r - 29 = -3*q + 4, -r + l = 3*q. What is the units digit of r?
0
Let x be 6/(-15) + 124/10. Suppose -x - 37 = -q. Suppose u + 4*j = 38, 0 = -4*u + j + q + 18. What is the units digit of u?
8
Let s be 13 + (-5 + -1)*4/(-8). Let z = 213 + s. What is the tens digit of z?
2
Suppose -r + 168 = 6*r. What is the units digit of (-35)/(-3*4/r)?
0
Let l(j) = 41*j**2 - 25*j + 66. What is the tens digit of l(6)?
9
Suppose -j = j - 2*k - 636, -5*j = -3*k - 1582. What is the hundreds digit of j?
3
Suppose -5*v = 3*q - 2677, 6*v - v = 5*q - 4435. What is the units digit of q?
9
Let s = 0 + -3. Let h be s - (3 - 19) - -1. Let b = -8 + h. What is the units digit of b?
6
Let m(j) = 35*j**3 - 2*j**2 + 2*j + 6. What is the units digit of m(3)?
9
Let c = 336 - -355. What is the units digit of c?
1
Let c(d) = d**2 + 12*d - 10. Let x be c(-13). Let s be ((-9)/2)/(x/(-2)). Suppose 5*p = -4*n + 55, -3*p + p + 45 = -s*n. What is the units digit of p?
5
Let s = 29 - 14. Suppose 2*n = 5*n + 9, 4*n + s = 3*z. What is the units digit of z?
1
Let d(b) be the first derivative of 11/2*b**2 - 7 + 5*b**3 + 14*b + 1/4*b**4. What is the units digit of d(-14)?
6
Suppose -2*v + 0*v = -18. Suppose 13*o + 304 = v*o. What is the tens digit of (o/5)/((-26)/65)?
3
Let u = 14 + 4. Let l = -17 + u. What is the units digit of ((-28)/(-42))/(l/9)?
6
Suppose 72 = -2*h - 2*h. What is the units digit of 24/h*15/(-4)?
5
Let j(c) = -2*c - 9. Let s be j(-6). Suppose q + 3*q = 3*o + 166, -4*o = -s*q + 128. What is the tens digit of q?
4
Let c(r) = r**3 - 9*r**2 + 9*r - 4. Let h be c(8). Suppose 2*i = 5*l - 139, -l - h*i - i + 44 = 0. Let z = l + -19. What is the tens digit of z?
1
Suppose 2*n = 5*y - 2645, -4*y + 3*y - n = -536. What is the units digit of y?
1
Suppose i - 148 = -3*h + 1127, 0 = 2*i + 6. What is the tens digit of h?
2
Let u = 134 + 487. What is the tens digit of u?
2
Let c(a) = -a**3 + 12*a**2 + 8*a - 16. Let l = -32 - -44. What is the tens digit of c(l)?
8
Let f(g) = 412*g**2 + 12*g + 2. What is the tens digit of f(-2)?
2
What is the hundreds digit of (3 - 0)*2 + 1049 + 8?
0
Let p be ((-60)/(-14))/(8/(-56)). Let n = p - -120. What is the units digit of n?
0
Let z(o) = o + 9. Suppose -4*a - 18 = -5*u, -4*a = 6 + 2. Suppose -2*f + 6 = -4*r, -r = u*f + 3*f - 15. What is the units digit of z(r)?
9
Let g = -45 + 50. Let f = g + 30. What is the tens digit of f?
3
Suppose -2*c = 4*x - 0*c - 30, -3*c = -15. What is the tens digit of 4*x/10*8?
1
Suppose 0 = -3*t - 46 - 41. Let l = t + 144. What is the tens digit of l?
1
Suppose n = 4*r - 10, 2*n + 10 = n + 2*r. Let i be (40/n)/(-3 + 1). Suppose -3*p - i*z = -35, z = -4*z - 25. What is the tens digit of p?
1
Let k be ((-6)/(-4))/(6/(-128)). Let v(j) = 4*j**2 + 7*j + 9. Let m be v(-4). Let o = m + k. What is the tens digit of o?
1
Suppose -11 = -h + 2*d, 5*h + d = h + 17. Suppose 359 = h*r - 131. What is the units digit of r?
8
Let n = -314 + 447. Suppose 2*d - 1 = -5, -5*o = d - n. What is the units digit of o?
7
Let z be 385/140 - 1/(-4). Let o(l) = -l**3 + 7*l**2 - 6*l. Let c be o(5). Let b = c - z. What is the tens digit of b?
1
Let m = -523 - -2613. What is the thousands digit of m?
2
Let d = 557 + 1116. What is the tens digit of d?
7
Suppose -5*a + t + 4*t + 8320 = 0, 0 = -4*a + 5*t + 6661. What is the tens digit of a?
5
Let o be ((-40)/5)/(2/20). Let k = 89 + o. What is the units digit of k?
9
Let t be 34/(-10) + 32/80. What is the units digit of 2 - t/((-12)/(-224))?
8
Let h = -1241 + 1994. What is the units digit of h?
3
Suppose -k + 6*k = -q + 2295, 2*q = -2*k + 910. What is the tens digit of k?
6
Suppose 0 = 11*p - 1750 - 593. What is the hundreds digit of p?
2
Let t(r) = r - 21. Suppose -18 = -6*m + 4*m. Let h be t(m). What is the tens digit of ((-174)/h)/(2/4)?
2
Suppose 3*i - 6 = -4*n, 4*n + 4*i = n + 8. Let d be -11 + 10 + (4 - 1). Suppose n = -d*g + 8, 3*p - 2*g - 96 = g. What is the units digit of p?
6
Let k(w) = 14*w**2 + 12*w + 24. What is the tens digit of k(-9)?
5
Suppose 0 = 5*y - 3*j + 123, -5*j + 5 = -0. Let v be (-1)/4 - 222/y. What is the tens digit of 84/(-9)*v/(-2)?
4
Let j be (-274)/(-10) - (-6)/(-15). Let x = 30 - j. Suppose 51 + x = f. What is the tens digit of f?
5
Let s be 38 + (-4 + 2)*1. Suppose s*q - 31*q - 510 = 0. What is the tens digit of q?
0
Let b = 9 - 6. Suppose -23 - b = -q + 4*m, 5*q - 255 = -5*m. What is the units digit of q?
6
Suppose -2*n + 2397 - 309 = 0. What is the tens digit of n?
4
Let f(q) be the second derivative of 13/12*q**4 + 0 - 1/2*q**2 + 4*q + 0*q**3. What is the units digit of f(-1)?
2
Let f(z) = -15*z. Let d(b) = 16*b. Let i(x) = 5*d(x) + 6*f(x). Let u be i(-8). Suppose 3*l = -l + u. What is the tens digit of l?
2
Suppose -2*y = 3*d + 20, -5*d = -y + 6 + 10. What is the units digit of (0 - y) + (26 - -15)?
5
Let z be -5*(0 - (-509)/(-5)). Suppose 4*a - z + 89 = 0. What is the hundreds digit of a?
1
Let a(f) = -296*f - 181. What is the units digit of a(-11)?
5
Let p be 1 + 18/(-4)*(-14)/21. Suppose -432 = -3*d + p*b, 0*d + 295 = 2*d - 5*b. What is the hundreds digit of d?
1
Suppose -10*d = 1032 - 33942. What is the units digit of d?
1
What is the tens digit of (-4)/(-20)*-2*5*-207?
1
Let b be (-1)/(-3)*-1 + 1078/66. Let l(h) = h**2 - 8*h - 16. What is the hundreds digit of l(b)?
1
Let d = 505 + 56. What is the units digit of d?
1
Let n(w) = -w**2 - 7*w + 1. Let u = 8 + -3. Suppose 2*j - j = -u*y - 26, 2*j - 2*y + 4 = 0. What is the units digit of n(j)?
7
Let h be ((-45)/18)/(1/(-12)). Suppose w = h + 3. What is the tens digit of w?
3
Let h(k) = k + 5. Let g be h(-12). Let c = 7 + g. Suppose -2*o - 5*f = c, -5*o + f = -2*f - 62. What is the units digit of o?
0
Suppose 0 = -2*n - 3*j + 151, 2*j + 86 = 4*n - 3*n. Suppose -5*f - 148 = -f. Let b = f + n. What is the units digit of b?
3
What is the units digit of 18*((-171)/(-18))/1?
1
Suppose 5*s + 4 - 15 = 2*j, 0 = -2*s + 5*j + 17. Let l(k) = 42*k**2 + 4*k - 4. What is the tens digit of l(s)?
4
Suppose 0 = -5*n - 1 - 4. Let y(c) = 1 + 3*c**3 - 26*c**3 + c + 13*c**3. What is the units digit of y(n)?
0
Let r be -3*(-3)/(-18)*-6. Suppose 4*m - 3*p = 156, 0 = r*m - p - 4*p - 106. What is the tens digit of m?
4
Suppose -4*z - 5 = -13, -3*a - 5*z = -13. Let t(m) = 31*m - 1 - 44*m + 32*m. What is the tens digit of t(a)?
1
Let w(v) = 5*v + 49. Let a(s) = -s**3 + 2*s - 1. Let t be a(-3). What is the tens digit of w(t)?
4
Suppose f - 30 = -0*f. What is the tens digit of f/(-8)*(-18 - -6)?
4
Let v be 1 - (6/4 - 11/22). Suppose 0 = 3*a - 6*a + 3. Suppose m + a - 3 = v. What is the units digit of m?
2
Let b be -4 + (4 - 4) - -65. Suppose 0*j - b = -z + 3*j, -2 = j. What is the tens digit of z?
5
Let j = -63 - -90. Let v = j - 25. What is the units digit of v?
2
Let l be 8/(-24)*(-16 + 1). Let b be (l/(-10))/(2/(-12)). What is the tens digit of (b - -6)/((-4)/(-20))?
4
Suppose -u + 5*h = 28, h - 22 = -u - 4*h. Let n(o) = 7*o + 3. Let w(t) = -3*t - 2. Let c(f) = -2*n(f) - 5*w(f). What is the units digit of c(u)?
1
Suppose x - 29 + 25 = 0. Suppose x*i - o = 61 + 752, -4*i = o - 803. What is the tens digit of i?
0
Suppose -19*a + 12*a + 5600 = 0. What is the tens digit of a?
0
Let j be 2 - (4/(-14) + 5474/(-49)). Suppose 2*i = 3*h - 808, h - 4*i = j + 152. What is the units digit of h?
0
Let k(c) = -19*c + 74. Let p be k(18). Let m = p - -428. What is the tens digit of m?
6
Suppose -2*x + 738 = 8*o - 4*o, -5*o = 4*x - 915. What is the hundreds digit of o?
1
What is the units digit of -78*((-296)/40 + (-2)/(-5))?
6
Suppose -4*u - m + 78 = m, -3*m + 3 = 0. Suppose 3*y + u = 244. What is the units digit of y?
5
Let v(o) = o + 5. Let g be v(-4). Suppose 3*d + g = a + 7*d, -2*a + 2*d = 8. Let z(m) = -2*m**3 + 2*m**2 + 8*m + 3. What is the units di